{"id":7537,"date":"2020-02-07T12:56:32","date_gmt":"2020-02-07T12:56:32","guid":{"rendered":"https:\/\/encouragement-public.org\/delegation-espagne\/?page_id=7537"},"modified":"2020-07-25T17:42:41","modified_gmt":"2020-07-25T17:42:41","slug":"vie-associative","status":"publish","type":"page","link":"https:\/\/encouragement-public.org\/delegation-espagne\/vie-associative\/","title":{"rendered":"VIE ASSOCIATIVE"},"content":{"rendered":"<div class=\"wpb-content-wrapper\"><p>[vc_row gap=&#8221;0&#8243; disable_element=&#8221;yes&#8221; enable_row_shadowbox=&#8221;yes&#8221; row_box_shadow=&#8221;%5B%7B%7D%5D&#8221; css=&#8221;.vc_custom_1588472271420{padding-top: 45px !important;background-color: #0272d3 !important;}&#8221;][vc_column]<style>.ld_custom_menu_69f2bd4c5a496 > li > a{font-size:16px;font-weight:0,5;text-transform:uppercase;}.ld_custom_menu_69f2bd4c5a496 li + li{margin-left:20px;}.ld_custom_menu_69f2bd4c5a496{background:rgb(2, 114, 211);}.ld_custom_menu_69f2bd4c5a496 > li > a,.ld_custom_menu_69f2bd4c5a496 ul > li > a{color:rgb(255, 255, 255);}.ld_custom_menu_69f2bd4c5a496 > li > a:hover, .ld_custom_menu_69f2bd4c5a496 ul > li > a:hover, .ld_custom_menu_69f2bd4c5a496 li.is-active > a, .ld_custom_menu_69f2bd4c5a496 li.current-menu-item > a{color:rgb(0, 206, 9);}<\/style><div id=\"ld_custom_menu_69f2bd4c5a496\" class=\"lqd-custom-menu lqd-sticky-menu text-center ld_custom_menu_69f2bd4c5a496\" data-pin=\"true\" data-pin-options='{ \"offset\": \"[data-sticky-header] .mainbar-wrap.is-stuck, #wpadminbar\", \"duration\": \"docHeight\"  }' data-move-element='{ \"target\": \".vc_row\" }'>\n<ul id=\"menu-connexion\" class=\" reset-ul inline-nav  \"><li id=\"menu-item-9430\" class=\"menu-item menu-item-type-wppb_cpm_login_logout menu-item-object-custom menu-item-9430\"><a href=\"https:\/\/encouragement-public.org\/delegation-espagne\/wp-login.php\">Connexion<\/a><\/li>\n<\/ul><\/div>[\/vc_column][\/vc_row][vc_row parallax=&#8221;enable_parallax&#8221; bg_position=&#8221;right bottom&#8221; css=&#8221;.vc_custom_1590194557966{background: #0272d3 url(https:\/\/encouragement-public.org\/delegation-espagne\/wp-content\/uploads\/sites\/16\/2020\/05\/fond-1.png?id=8593);background-position: center;background-repeat: no-repeat !important;background-size: contain !important;}&#8221;][vc_column]<style>.ld_spacer_69f2bd4c5bf7b{height:50px;}<\/style>\n<div class=\"ld-empty-space ld_spacer_69f2bd4c5bf7b\"><span class=\"liquid_empty_space_inner\"><\/span><\/div><style>.ld_blog_69f2bd4c5c089 .liquid-blog-grid{margin-left:-15px;margin-right:-15px;}.ld_blog_69f2bd4c5c089 .liquid-blog-grid > div{padding-left:15px;padding-right:15px;}.ld_blog_69f2bd4c5c089 .liquid-blog-grid .liquid-lp{margin-bottom:30px;}.ld_blog_69f2bd4c5c089 .filter-list{margin-bottom:px;}.ld_blog_69f2bd4c5c089 .liquid-blog-item .liquid-lp-title,.ld_blog_69f2bd4c5c089 .liquid-lp .liquid-lp-title{margin-top:px;margin-bottom:px;}<\/style><div data-filter-id=\"1587485123729-dead1720-fce6\" class=\"liquid-blog-posts ld_blog_69f2bd4c5c089 1587485123730-4b0a47a2-e8c6 \" data-post-per-page=\"10\">\r\n<div class=\"row\">\r\n\t<div class=\"col-md-12\">\t\t\t\t\t\r\n\t\t<div class=\"liquid-filter-items align-items-center \">\t\r\n\t\t\t<div class=\"liquid-filter-items\">\r\n\t\t\t\t\r\n\t\t\t\t\r\n\t\t\t\t<ul class=\"filter-list filter-list-inline filter-list-scheme-light    \" id=\"1587485123729-dead1720-fce6\">\r\n\t\t\t\t\t<li class=\"active\" data-filter=\"*\" data-filter-term-id=\"\"><span>TOUTES<\/span><\/li>\r\n\t\t\t\t\t<li data-filter=\".assemblee-generale\" data-filter-term-id=\"239\"><span>ASSEMBL\u00c9E G\u00c9N\u00c9RALE<\/span><\/li><li data-filter=\".ceremonie-diner-bienfaisance\" data-filter-term-id=\"242\"><span>C\u00c9R\u00c9MONIE - D\u00ceNER BIENFAISANCE<\/span><\/li><li data-filter=\".composition-du-bureau\" data-filter-term-id=\"244\"><span>COMPOSITION DU BUREAU<\/span><\/li><li data-filter=\".composition-du-conseil-dadministration\" data-filter-term-id=\"245\"><span>COMPOSITION DU CONSEIL D'ADMINISTRATION<\/span><\/li><li data-filter=\".compte-rendu-dactivites\" data-filter-term-id=\"246\"><span>COMPTE RENDU D\u2019ACTIVIT\u00c9S<\/span><\/li><li data-filter=\".compte-rendu-bureau\" data-filter-term-id=\"247\"><span>COMPTE RENDU DE BUREAU<\/span><\/li><li data-filter=\".compte-rendu-de-lassemblee-generale\" data-filter-term-id=\"248\"><span>COMPTE RENDU DE L\u2019ASSEMBL\u00c9E G\u00c9N\u00c9RALE<\/span><\/li><li data-filter=\".hommage\" data-filter-term-id=\"265\"><span>HOMMAGE<\/span><\/li><li data-filter=\".message-du-president\" data-filter-term-id=\"267\"><span>MESSAGE DU PR\u00c9SIDENT<\/span><\/li>\t\t\t\t<\/ul>\r\n\t\t\t\t\t\r\n\t\t\t\t\t\t\t\t\t\r\n\t\t\t\t\t\r\n\t\t\t<\/div><!-- \/.liquid-filter-items-inner -->\r\n\t\t<\/div><!-- \/.liquid-filter-items -->\r\n\t<\/div><!-- \/.col-md-12 -->\r\n<\/div><!-- \/.row --><div class=\"liquid-blog-grid liquid-blog-style-split row\" data-liquid-masonry=\"true\" data-masonry-options='{ \"stagger\": 50, \"hiddenStyle\": { \"transform\": \"translateY(100px)\", \"opacity\": 0 }, \"visibleStyle\": { \"transform\": \"translateY(0)\", \"opacity\": 1 }, \"filtersID\": \"#1587485123729-dead1720-fce6\" }'><\/div><!--\/ .row --><div class=\"liquid-pf-nav ld-pf-nav-ajax\"><div class=\"page-nav text-center\"><nav aria-label=\"Page navigation\"><a href=\"https:\/\/encouragement-public.org\/delegation-espagne\/wp-json\/wp\/v2\/pages\/7537\/page\/2\/?ajaxify=1\" rel=\"nofollow\" data-ajaxify=\"true\" data-ajaxify-options=\"{&quot;wrapper&quot;:&quot;.liquid-blog-posts.1587485123730-4b0a47a2-e8c6 &gt; .liquid-blog-grid&quot;,&quot;items&quot;:&quot;&gt; div&quot;,&quot;trigger&quot;:&quot;inview&quot;}\" class=\"ld-ajax-loadmore\"><span><span class=\"static\">Charger plus<\/span><span class=\"loading\"><span class=\"dots\"><span><\/span><span><\/span><span><\/span><\/span><span class=\"text-uppercase lts-sp-1\">Chargement<\/span><\/span><span class=\"all-loaded\">le chargement est termin\u00e9 <i class=\"fa fa-check\"><\/i><\/span><\/span><\/a><\/nav><\/div><\/div><\/div><!--\/ .liquid-blog-posts -->[\/vc_column][\/vc_row]<\/p>\n<\/div>","protected":false},"excerpt":{"rendered":"<p>[vc_row gap=&#8221;0&#8243; disable_element=&#8221;yes&#8221; enable_row_shadowbox=&#8221;yes&#8221; row_box_shadow=&#8221;%5B%7B%7D%5D&#8221; css=&#8221;.vc_custom_1588472271420{padding-top: 45px !important;background-color: #0272d3 !important;}&#8221;][vc_column][\/vc_column][\/vc_row][vc_row parallax=&#8221;enable_parallax&#8221; bg_position=&#8221;right bottom&#8221; css=&#8221;.vc_custom_1590194557966{background: #0272d3&#8230;<\/p>\n","protected":false},"author":1,"featured_media":0,"parent":0,"menu_order":0,"comment_status":"closed","ping_status":"closed","template":"","meta":{"footnotes":""},"class_list":["post-7537","page","type-page","status-publish","hentry"],"yoast_head":"<!-- This site is optimized with the Yoast SEO plugin v27.5 - https:\/\/yoast.com\/product\/yoast-seo-wordpress\/ -->\n<title>VIE ASSOCIATIVE - D\u00e9l\u00e9gation Espagne<\/title>\n<meta name=\"robots\" content=\"index, follow, max-snippet:-1, max-image-preview:large, max-video-preview:-1\" \/>\n<link rel=\"canonical\" href=\"https:\/\/encouragement-public.org\/delegation-espagne\/vie-associative\/\" \/>\n<meta property=\"og:locale\" content=\"fr_FR\" \/>\n<meta property=\"og:type\" content=\"article\" \/>\n<meta property=\"og:title\" content=\"VIE ASSOCIATIVE - D\u00e9l\u00e9gation Espagne\" \/>\n<meta property=\"og:description\" content=\"[vc_row gap=&#8221;0&#8243; disable_element=&#8221;yes&#8221; enable_row_shadowbox=&#8221;yes&#8221; row_box_shadow=&#8221;%5B%7B%7D%5D&#8221; css=&#8221;.vc_custom_1588472271420{padding-top: 45px !important;background-color: #0272d3 !important;}&#8221;][vc_column][\/vc_column][\/vc_row][vc_row parallax=&#8221;enable_parallax&#8221; bg_position=&#8221;right bottom&#8221; css=&#8221;.vc_custom_1590194557966{background: #0272d3...\" \/>\n<meta property=\"og:url\" content=\"https:\/\/encouragement-public.org\/delegation-espagne\/vie-associative\/\" \/>\n<meta property=\"og:site_name\" content=\"D\u00e9l\u00e9gation Espagne\" \/>\n<meta property=\"article:modified_time\" content=\"2020-07-25T17:42:41+00:00\" \/>\n<meta name=\"twitter:card\" content=\"summary_large_image\" \/>\n<meta name=\"twitter:label1\" content=\"Dur\u00e9e de lecture estim\u00e9e\" \/>\n\t<meta name=\"twitter:data1\" content=\"1 minute\" \/>\n<script type=\"application\/ld+json\" class=\"yoast-schema-graph\">{\"@context\":\"https:\\\/\\\/schema.org\",\"@graph\":[{\"@type\":\"WebPage\",\"@id\":\"https:\\\/\\\/encouragement-public.org\\\/delegation-espagne\\\/vie-associative\\\/\",\"url\":\"https:\\\/\\\/encouragement-public.org\\\/delegation-espagne\\\/vie-associative\\\/\",\"name\":\"VIE ASSOCIATIVE - D\u00e9l\u00e9gation Espagne\",\"isPartOf\":{\"@id\":\"https:\\\/\\\/encouragement-public.org\\\/delegation-espagne\\\/#website\"},\"datePublished\":\"2020-02-07T12:56:32+00:00\",\"dateModified\":\"2020-07-25T17:42:41+00:00\",\"breadcrumb\":{\"@id\":\"https:\\\/\\\/encouragement-public.org\\\/delegation-espagne\\\/vie-associative\\\/#breadcrumb\"},\"inLanguage\":\"fr-FR\",\"potentialAction\":[{\"@type\":\"ReadAction\",\"target\":[\"https:\\\/\\\/encouragement-public.org\\\/delegation-espagne\\\/vie-associative\\\/\"]}]},{\"@type\":\"BreadcrumbList\",\"@id\":\"https:\\\/\\\/encouragement-public.org\\\/delegation-espagne\\\/vie-associative\\\/#breadcrumb\",\"itemListElement\":[{\"@type\":\"ListItem\",\"position\":1,\"name\":\"Accueil\",\"item\":\"https:\\\/\\\/encouragement-public.org\\\/delegation-espagne\\\/\"},{\"@type\":\"ListItem\",\"position\":2,\"name\":\"VIE ASSOCIATIVE\"}]},{\"@type\":\"WebSite\",\"@id\":\"https:\\\/\\\/encouragement-public.org\\\/delegation-espagne\\\/#website\",\"url\":\"https:\\\/\\\/encouragement-public.org\\\/delegation-espagne\\\/\",\"name\":\"D\u00e9l\u00e9gation Espagne\",\"description\":\"Savoir r\u00e9compenser le m\u00e9rite\",\"potentialAction\":[{\"@type\":\"SearchAction\",\"target\":{\"@type\":\"EntryPoint\",\"urlTemplate\":\"https:\\\/\\\/encouragement-public.org\\\/delegation-espagne\\\/?s={search_term_string}\"},\"query-input\":{\"@type\":\"PropertyValueSpecification\",\"valueRequired\":true,\"valueName\":\"search_term_string\"}}],\"inLanguage\":\"fr-FR\"}]}<\/script>\n<!-- \/ Yoast SEO plugin. -->","yoast_head_json":{"title":"VIE ASSOCIATIVE - D\u00e9l\u00e9gation Espagne","robots":{"index":"index","follow":"follow","max-snippet":"max-snippet:-1","max-image-preview":"max-image-preview:large","max-video-preview":"max-video-preview:-1"},"canonical":"https:\/\/encouragement-public.org\/delegation-espagne\/vie-associative\/","og_locale":"fr_FR","og_type":"article","og_title":"VIE ASSOCIATIVE - D\u00e9l\u00e9gation Espagne","og_description":"[vc_row gap=&#8221;0&#8243; disable_element=&#8221;yes&#8221; enable_row_shadowbox=&#8221;yes&#8221; row_box_shadow=&#8221;%5B%7B%7D%5D&#8221; css=&#8221;.vc_custom_1588472271420{padding-top: 45px !important;background-color: #0272d3 !important;}&#8221;][vc_column][\/vc_column][\/vc_row][vc_row parallax=&#8221;enable_parallax&#8221; bg_position=&#8221;right bottom&#8221; css=&#8221;.vc_custom_1590194557966{background: #0272d3...","og_url":"https:\/\/encouragement-public.org\/delegation-espagne\/vie-associative\/","og_site_name":"D\u00e9l\u00e9gation Espagne","article_modified_time":"2020-07-25T17:42:41+00:00","twitter_card":"summary_large_image","twitter_misc":{"Dur\u00e9e de lecture estim\u00e9e":"1 minute"},"schema":{"@context":"https:\/\/schema.org","@graph":[{"@type":"WebPage","@id":"https:\/\/encouragement-public.org\/delegation-espagne\/vie-associative\/","url":"https:\/\/encouragement-public.org\/delegation-espagne\/vie-associative\/","name":"VIE ASSOCIATIVE - D\u00e9l\u00e9gation Espagne","isPartOf":{"@id":"https:\/\/encouragement-public.org\/delegation-espagne\/#website"},"datePublished":"2020-02-07T12:56:32+00:00","dateModified":"2020-07-25T17:42:41+00:00","breadcrumb":{"@id":"https:\/\/encouragement-public.org\/delegation-espagne\/vie-associative\/#breadcrumb"},"inLanguage":"fr-FR","potentialAction":[{"@type":"ReadAction","target":["https:\/\/encouragement-public.org\/delegation-espagne\/vie-associative\/"]}]},{"@type":"BreadcrumbList","@id":"https:\/\/encouragement-public.org\/delegation-espagne\/vie-associative\/#breadcrumb","itemListElement":[{"@type":"ListItem","position":1,"name":"Accueil","item":"https:\/\/encouragement-public.org\/delegation-espagne\/"},{"@type":"ListItem","position":2,"name":"VIE ASSOCIATIVE"}]},{"@type":"WebSite","@id":"https:\/\/encouragement-public.org\/delegation-espagne\/#website","url":"https:\/\/encouragement-public.org\/delegation-espagne\/","name":"D\u00e9l\u00e9gation Espagne","description":"Savoir r\u00e9compenser le m\u00e9rite","potentialAction":[{"@type":"SearchAction","target":{"@type":"EntryPoint","urlTemplate":"https:\/\/encouragement-public.org\/delegation-espagne\/?s={search_term_string}"},"query-input":{"@type":"PropertyValueSpecification","valueRequired":true,"valueName":"search_term_string"}}],"inLanguage":"fr-FR"}]}},"_links":{"self":[{"href":"https:\/\/encouragement-public.org\/delegation-espagne\/wp-json\/wp\/v2\/pages\/7537","targetHints":{"allow":["GET"]}}],"collection":[{"href":"https:\/\/encouragement-public.org\/delegation-espagne\/wp-json\/wp\/v2\/pages"}],"about":[{"href":"https:\/\/encouragement-public.org\/delegation-espagne\/wp-json\/wp\/v2\/types\/page"}],"author":[{"embeddable":true,"href":"https:\/\/encouragement-public.org\/delegation-espagne\/wp-json\/wp\/v2\/users\/1"}],"replies":[{"embeddable":true,"href":"https:\/\/encouragement-public.org\/delegation-espagne\/wp-json\/wp\/v2\/comments?post=7537"}],"version-history":[{"count":1,"href":"https:\/\/encouragement-public.org\/delegation-espagne\/wp-json\/wp\/v2\/pages\/7537\/revisions"}],"predecessor-version":[{"id":9334,"href":"https:\/\/encouragement-public.org\/delegation-espagne\/wp-json\/wp\/v2\/pages\/7537\/revisions\/9334"}],"wp:attachment":[{"href":"https:\/\/encouragement-public.org\/delegation-espagne\/wp-json\/wp\/v2\/media?parent=7537"}],"curies":[{"name":"wp","href":"https:\/\/api.w.org\/{rel}","templated":true}]}}

<div class="wpb-content-wrapper"><p>[vc_row gap=&#8221;0&#8243; disable_element=&#8221;yes&#8221; enable_row_shadowbox=&#8221;yes&#8221; row_box_shadow=&#8221;%5B%7B%7D%5D&#8221; css=&#8221;.vc_custom_1588472271420{padding-top: 45px !important;background-color: #0272d3 !important;}&#8221;][vc_column]<style>.ld_custom_menu_69f2bd4c5a496 > li > a{font-size:16px;font-weight:0,5;text-transform:uppercase;}.ld_custom_menu_69f2bd4c5a496 li + li{margin-left:20px;}.ld_custom_menu_69f2bd4c5a496{background:rgb(2, 114, 211);}.ld_custom_menu_69f2bd4c5a496 > li > a,.ld_custom_menu_69f2bd4c5a496 ul > li > a{color:rgb(255, 255, 255);}.ld_custom_menu_69f2bd4c5a496 > li > a:hover, .ld_custom_menu_69f2bd4c5a496 ul > li > a:hover, .ld_custom_menu_69f2bd4c5a496 li.is-active > a, .ld_custom_menu_69f2bd4c5a496 li.current-menu-item > a{color:rgb(0, 206, 9);}</style><div id="ld_custom_menu_69f2bd4c5a496" class="lqd-custom-menu lqd-sticky-menu text-center ld_custom_menu_69f2bd4c5a496" data-pin="true" data-pin-options='{ "offset": "[data-sticky-header] .mainbar-wrap.is-stuck, #wpadminbar", "duration": "docHeight"  }' data-move-element='{ "target": ".vc_row" }'>
<ul id="menu-connexion" class=" reset-ul inline-nav  "><li id="menu-item-9430" class="menu-item menu-item-type-wppb_cpm_login_logout menu-item-object-custom menu-item-9430"><a href="https://encouragement-public.org/delegation-espagne/wp-login.php">Connexion</a></li>
</ul></div>[/vc_column][/vc_row][vc_row parallax=&#8221;enable_parallax&#8221; bg_position=&#8221;right bottom&#8221; css=&#8221;.vc_custom_1590194557966{background: #0272d3 url(https://encouragement-public.org/delegation-espagne/wp-content/uploads/sites/16/2020/05/fond-1.png?id=8593);background-position: center;background-repeat: no-repeat !important;background-size: contain !important;}&#8221;][vc_column]<style>.ld_spacer_69f2bd4c5bf7b{height:50px;}</style>
<div class="ld-empty-space ld_spacer_69f2bd4c5bf7b"><span class="liquid_empty_space_inner"></span></div><style>.ld_blog_69f2bd4c5c089 .liquid-blog-grid{margin-left:-15px;margin-right:-15px;}.ld_blog_69f2bd4c5c089 .liquid-blog-grid > div{padding-left:15px;padding-right:15px;}.ld_blog_69f2bd4c5c089 .liquid-blog-grid .liquid-lp{margin-bottom:30px;}.ld_blog_69f2bd4c5c089 .filter-list{margin-bottom:px;}.ld_blog_69f2bd4c5c089 .liquid-blog-item .liquid-lp-title,.ld_blog_69f2bd4c5c089 .liquid-lp .liquid-lp-title{margin-top:px;margin-bottom:px;}</style><div data-filter-id="1587485123729-dead1720-fce6" class="liquid-blog-posts ld_blog_69f2bd4c5c089 1587485123730-4b0a47a2-e8c6 " data-post-per-page="10">
<div class="row">
	<div class="col-md-12">					
		<div class="liquid-filter-items align-items-center ">	
			<div class="liquid-filter-items">
				
				
				<ul class="filter-list filter-list-inline filter-list-scheme-light    " id="1587485123729-dead1720-fce6">
					<li class="active" data-filter="*" data-filter-term-id=""><span>TOUTES</span></li>
					<li data-filter=".assemblee-generale" data-filter-term-id="239"><span>ASSEMBLÉE GÉNÉRALE</span></li><li data-filter=".ceremonie-diner-bienfaisance" data-filter-term-id="242"><span>CÉRÉMONIE - DÎNER BIENFAISANCE</span></li><li data-filter=".composition-du-bureau" data-filter-term-id="244"><span>COMPOSITION DU BUREAU</span></li><li data-filter=".composition-du-conseil-dadministration" data-filter-term-id="245"><span>COMPOSITION DU CONSEIL D'ADMINISTRATION</span></li><li data-filter=".compte-rendu-dactivites" data-filter-term-id="246"><span>COMPTE RENDU D’ACTIVITÉS</span></li><li data-filter=".compte-rendu-bureau" data-filter-term-id="247"><span>COMPTE RENDU DE BUREAU</span></li><li data-filter=".compte-rendu-de-lassemblee-generale" data-filter-term-id="248"><span>COMPTE RENDU DE L’ASSEMBLÉE GÉNÉRALE</span></li><li data-filter=".hommage" data-filter-term-id="265"><span>HOMMAGE</span></li><li data-filter=".message-du-president" data-filter-term-id="267"><span>MESSAGE DU PRÉSIDENT</span></li>				</ul>
					
									
					
			</div><!-- /.liquid-filter-items-inner -->
		</div><!-- /.liquid-filter-items -->
	</div><!-- /.col-md-12 -->
</div><!-- /.row --><div class="liquid-blog-grid liquid-blog-style-split row" data-liquid-masonry="true" data-masonry-options='{ "stagger": 50, "hiddenStyle": { "transform": "translateY(100px)", "opacity": 0 }, "visibleStyle": { "transform": "translateY(0)", "opacity": 1 }, "filtersID": "#1587485123729-dead1720-fce6" }'></div><!--/ .row --><div class="liquid-pf-nav ld-pf-nav-ajax"><div class="page-nav text-center"><nav aria-label="Page navigation"><a href="https://encouragement-public.org/delegation-espagne/wp-json/wp/v2/pages/7537/page/2/?ajaxify=1" rel="nofollow" data-ajaxify="true" data-ajaxify-options="{&quot;wrapper&quot;:&quot;.liquid-blog-posts.1587485123730-4b0a47a2-e8c6 &gt; .liquid-blog-grid&quot;,&quot;items&quot;:&quot;&gt; div&quot;,&quot;trigger&quot;:&quot;inview&quot;}" class="ld-ajax-loadmore"><span><span class="static">Charger plus</span><span class="loading"><span class="dots"><span></span><span></span><span></span></span><span class="text-uppercase lts-sp-1">Chargement</span></span><span class="all-loaded">le chargement est terminé <i class="fa fa-check"></i></span></span></a></nav></div></div></div><!--/ .liquid-blog-posts -->[/vc_column][/vc_row]</p>
</div>

<!-- This site is optimized with the Yoast SEO plugin v27.5 - https://yoast.com/product/yoast-seo-wordpress/ -->
<title>VIE ASSOCIATIVE - Délégation Espagne</title>
<meta name="robots" content="index, follow, max-snippet:-1, max-image-preview:large, max-video-preview:-1" />
<link rel="canonical" href="https://encouragement-public.org/delegation-espagne/vie-associative/" />
<meta property="og:locale" content="fr_FR" />
<meta property="og:type" content="article" />
<meta property="og:title" content="VIE ASSOCIATIVE - Délégation Espagne" />
<meta property="og:description" content="[vc_row gap=&#8221;0&#8243; disable_element=&#8221;yes&#8221; enable_row_shadowbox=&#8221;yes&#8221; row_box_shadow=&#8221;%5B%7B%7D%5D&#8221; css=&#8221;.vc_custom_1588472271420{padding-top: 45px !important;background-color: #0272d3 !important;}&#8221;][vc_column][/vc_column][/vc_row][vc_row parallax=&#8221;enable_parallax&#8221; bg_position=&#8221;right bottom&#8221; css=&#8221;.vc_custom_1590194557966{background: #0272d3..." />
<meta property="og:url" content="https://encouragement-public.org/delegation-espagne/vie-associative/" />
<meta property="og:site_name" content="Délégation Espagne" />
<meta property="article:modified_time" content="2020-07-25T17:42:41+00:00" />
<meta name="twitter:card" content="summary_large_image" />
<meta name="twitter:label1" content="Durée de lecture estimée" />
	<meta name="twitter:data1" content="1 minute" />
<script type="application/ld+json" class="yoast-schema-graph">{"@context":"https:\/\/schema.org","@graph":[{"@type":"WebPage","@id":"https:\/\/encouragement-public.org\/delegation-espagne\/vie-associative\/","url":"https:\/\/encouragement-public.org\/delegation-espagne\/vie-associative\/","name":"VIE ASSOCIATIVE - Délégation Espagne","isPartOf":{"@id":"https:\/\/encouragement-public.org\/delegation-espagne\/#website"},"datePublished":"2020-02-07T12:56:32+00:00","dateModified":"2020-07-25T17:42:41+00:00","breadcrumb":{"@id":"https:\/\/encouragement-public.org\/delegation-espagne\/vie-associative\/#breadcrumb"},"inLanguage":"fr-FR","potentialAction":[{"@type":"ReadAction","target":["https:\/\/encouragement-public.org\/delegation-espagne\/vie-associative\/"]}]},{"@type":"BreadcrumbList","@id":"https:\/\/encouragement-public.org\/delegation-espagne\/vie-associative\/#breadcrumb","itemListElement":[{"@type":"ListItem","position":1,"name":"Accueil","item":"https:\/\/encouragement-public.org\/delegation-espagne\/"},{"@type":"ListItem","position":2,"name":"VIE ASSOCIATIVE"}]},{"@type":"WebSite","@id":"https:\/\/encouragement-public.org\/delegation-espagne\/#website","url":"https:\/\/encouragement-public.org\/delegation-espagne\/","name":"Délégation Espagne","description":"Savoir récompenser le mérite","potentialAction":[{"@type":"SearchAction","target":{"@type":"EntryPoint","urlTemplate":"https:\/\/encouragement-public.org\/delegation-espagne\/?s={search_term_string}"},"query-input":{"@type":"PropertyValueSpecification","valueRequired":true,"valueName":"search_term_string"}}],"inLanguage":"fr-FR"}]}</script>
<!-- / Yoast SEO plugin. -->

VIE ASSOCIATIVE - Délégation Espagne

Délégation Espagne

Savoir récompenser le mérite
