{"id":7529,"date":"2020-02-07T12:53:00","date_gmt":"2020-02-07T12:53:00","guid":{"rendered":"https:\/\/encouragement-public.org\/delegation-hauts-de-france\/?page_id=7529"},"modified":"2020-07-25T17:50:09","modified_gmt":"2020-07-25T17:50:09","slug":"vie-culturelle","status":"publish","type":"page","link":"https:\/\/encouragement-public.org\/delegation-hauts-de-france\/vie-culturelle\/","title":{"rendered":"VIE CULTURELLE"},"content":{"rendered":"<div class=\"wpb-content-wrapper\"><p>[vc_row parallax=&#8221;enable_parallax&#8221; bg_position=&#8221;custom&#8221; parallax_content=&#8221;parallax_content_value&#8221; responsive_css=&#8221;padding_bottom_medium:180px&#8221; css=&#8221;.vc_custom_1589331081471{padding-bottom: 10% !important;background: #c0300d url(https:\/\/encouragement-public.org\/delegation-hauts-de-france\/wp-content\/uploads\/sites\/27\/2020\/05\/fond-1.png?id=8593);}&#8221; bg_pos_h=&#8221;100%&#8221; bg_pos_v=&#8221;250px&#8221;][vc_column]<style>.ld_spacer_69f2c371a1d30{height:64px;}<\/style>\n<div class=\"ld-empty-space ld_spacer_69f2c371a1d30\"><span class=\"liquid_empty_space_inner\"><\/span><\/div><style>.ld_blog_69f2c371a1e50 .liquid-blog-grid{margin-left:-15px;margin-right:-15px;}.ld_blog_69f2c371a1e50 .liquid-blog-grid > div{padding-left:15px;padding-right:15px;}.ld_blog_69f2c371a1e50 .liquid-blog-grid .liquid-lp{margin-bottom:30px;}.ld_blog_69f2c371a1e50 .filter-list{margin-bottom:px;}.ld_blog_69f2c371a1e50 .liquid-blog-item .liquid-lp-title,.ld_blog_69f2c371a1e50 .liquid-lp .liquid-lp-title{margin-top:px;margin-bottom:px;}<\/style><div data-filter-id=\"lqd-1575365714611-3a042cbf-71fd\" class=\"liquid-blog-posts ld_blog_69f2c371a1e50 1575365714611-dfca2339-0b02 \" data-post-per-page=\"\">\r\n<div class=\"row\">\r\n\t<div class=\"col-md-12\">\t\t\t\t\t\r\n\t\t<div class=\"liquid-filter-items align-items-center \">\t\r\n\t\t\t<div class=\"liquid-filter-items\">\r\n\t\t\t\t\r\n\t\t\t\t\r\n\t\t\t\t<ul class=\"filter-list filter-list-inline filter-list-scheme-light    \" id=\"lqd-1575365714611-3a042cbf-71fd\">\r\n\t\t\t\t\t<li class=\"active\" data-filter=\"*\" data-filter-term-id=\"\"><span>TOUTES<\/span><\/li>\r\n\t\t\t\t\t<li data-filter=\".association\" data-filter-term-id=\"240\"><span>ASSOCIATION<\/span><\/li><li data-filter=\".ceremonies-vie-culturelle\" data-filter-term-id=\"241\"><span>C\u00c9R\u00c9MONIE<\/span><\/li><li data-filter=\".expositions-vie-culturelle\" data-filter-term-id=\"262\"><span>EXPOSITIONS<\/span><\/li><li data-filter=\".forum-vie-culturelle\" data-filter-term-id=\"263\"><span>FORUM<\/span><\/li><li data-filter=\".histoire\" data-filter-term-id=\"264\"><span>HISTOIRE<\/span><\/li><li data-filter=\".soirees-conferences\" data-filter-term-id=\"279\"><span>SOIR\u00c9ES &amp; CONF\u00c9RENCES<\/span><\/li>\t\t\t\t<\/ul>\r\n\t\t\t\t\t\r\n\t\t\t\t\t\t\t\t\t\r\n\t\t\t\t\t\r\n\t\t\t<\/div><!-- \/.liquid-filter-items-inner -->\r\n\t\t<\/div><!-- \/.liquid-filter-items -->\r\n\t<\/div><!-- \/.col-md-12 -->\r\n<\/div><!-- \/.row --><div class=\"liquid-blog-grid liquid-blog-style-split row\" data-liquid-masonry=\"true\" data-masonry-options='{ \"stagger\": 50, \"hiddenStyle\": { \"transform\": \"translateY(100px)\", \"opacity\": 0 }, \"visibleStyle\": { \"transform\": \"translateY(0)\", \"opacity\": 1 }, \"filtersID\": \"#lqd-1575365714611-3a042cbf-71fd\" }'><\/div><!--\/ .row --><\/div><!--\/ .liquid-blog-posts -->[\/vc_column][\/vc_row]<\/p>\n<\/div>","protected":false},"excerpt":{"rendered":"<p>[vc_row parallax=&#8221;enable_parallax&#8221; bg_position=&#8221;custom&#8221; parallax_content=&#8221;parallax_content_value&#8221; responsive_css=&#8221;padding_bottom_medium:180px&#8221; css=&#8221;.vc_custom_1589331081471{padding-bottom: 10% !important;background: #c0300d url(https:\/\/encouragement-public.org\/delegation-hauts-de-france\/wp-content\/uploads\/sites\/27\/2020\/05\/fond-1.png?id=8593);}&#8221; bg_pos_h=&#8221;100%&#8221; bg_pos_v=&#8221;250px&#8221;][vc_column][\/vc_column][\/vc_row]<\/p>\n","protected":false},"author":1,"featured_media":0,"parent":0,"menu_order":0,"comment_status":"closed","ping_status":"closed","template":"","meta":{"footnotes":""},"class_list":["post-7529","page","type-page","status-publish","hentry"],"yoast_head":"<!-- This site is optimized with the Yoast SEO plugin v27.5 - https:\/\/yoast.com\/product\/yoast-seo-wordpress\/ -->\n<title>VIE CULTURELLE - D\u00e9l\u00e9gation Hauts-de-France<\/title>\n<meta name=\"robots\" content=\"index, follow, max-snippet:-1, max-image-preview:large, max-video-preview:-1\" \/>\n<link rel=\"canonical\" href=\"https:\/\/encouragement-public.org\/delegation-hauts-de-france\/vie-culturelle\/\" \/>\n<meta property=\"og:locale\" content=\"fr_FR\" \/>\n<meta property=\"og:type\" content=\"article\" \/>\n<meta property=\"og:title\" content=\"VIE CULTURELLE - D\u00e9l\u00e9gation Hauts-de-France\" \/>\n<meta property=\"og:description\" content=\"[vc_row parallax=&#8221;enable_parallax&#8221; bg_position=&#8221;custom&#8221; parallax_content=&#8221;parallax_content_value&#8221; responsive_css=&#8221;padding_bottom_medium:180px&#8221; css=&#8221;.vc_custom_1589331081471{padding-bottom: 10% !important;background: #c0300d url(https:\/\/encouragement-public.org\/delegation-hauts-de-france\/wp-content\/uploads\/sites\/27\/2020\/05\/fond-1.png?id=8593);}&#8221; bg_pos_h=&#8221;100%&#8221; bg_pos_v=&#8221;250px&#8221;][vc_column][\/vc_column][\/vc_row]\" \/>\n<meta property=\"og:url\" content=\"https:\/\/encouragement-public.org\/delegation-hauts-de-france\/vie-culturelle\/\" \/>\n<meta property=\"og:site_name\" content=\"D\u00e9l\u00e9gation Hauts-de-France\" \/>\n<meta property=\"article:modified_time\" content=\"2020-07-25T17:50:09+00:00\" \/>\n<meta name=\"twitter:card\" content=\"summary_large_image\" \/>\n<meta name=\"twitter:label1\" content=\"Dur\u00e9e de lecture estim\u00e9e\" \/>\n\t<meta name=\"twitter:data1\" content=\"1 minute\" \/>\n<script type=\"application\/ld+json\" class=\"yoast-schema-graph\">{\"@context\":\"https:\\\/\\\/schema.org\",\"@graph\":[{\"@type\":\"WebPage\",\"@id\":\"https:\\\/\\\/encouragement-public.org\\\/delegation-hauts-de-france\\\/vie-culturelle\\\/\",\"url\":\"https:\\\/\\\/encouragement-public.org\\\/delegation-hauts-de-france\\\/vie-culturelle\\\/\",\"name\":\"VIE CULTURELLE - D\u00e9l\u00e9gation Hauts-de-France\",\"isPartOf\":{\"@id\":\"https:\\\/\\\/encouragement-public.org\\\/delegation-hauts-de-france\\\/#website\"},\"datePublished\":\"2020-02-07T12:53:00+00:00\",\"dateModified\":\"2020-07-25T17:50:09+00:00\",\"breadcrumb\":{\"@id\":\"https:\\\/\\\/encouragement-public.org\\\/delegation-hauts-de-france\\\/vie-culturelle\\\/#breadcrumb\"},\"inLanguage\":\"fr-FR\",\"potentialAction\":[{\"@type\":\"ReadAction\",\"target\":[\"https:\\\/\\\/encouragement-public.org\\\/delegation-hauts-de-france\\\/vie-culturelle\\\/\"]}]},{\"@type\":\"BreadcrumbList\",\"@id\":\"https:\\\/\\\/encouragement-public.org\\\/delegation-hauts-de-france\\\/vie-culturelle\\\/#breadcrumb\",\"itemListElement\":[{\"@type\":\"ListItem\",\"position\":1,\"name\":\"Accueil\",\"item\":\"https:\\\/\\\/encouragement-public.org\\\/delegation-hauts-de-france\\\/\"},{\"@type\":\"ListItem\",\"position\":2,\"name\":\"VIE CULTURELLE\"}]},{\"@type\":\"WebSite\",\"@id\":\"https:\\\/\\\/encouragement-public.org\\\/delegation-hauts-de-france\\\/#website\",\"url\":\"https:\\\/\\\/encouragement-public.org\\\/delegation-hauts-de-france\\\/\",\"name\":\"D\u00e9l\u00e9gation Hauts-de-France\",\"description\":\"Savoir r\u00e9compenser le m\u00e9rite\",\"potentialAction\":[{\"@type\":\"SearchAction\",\"target\":{\"@type\":\"EntryPoint\",\"urlTemplate\":\"https:\\\/\\\/encouragement-public.org\\\/delegation-hauts-de-france\\\/?s={search_term_string}\"},\"query-input\":{\"@type\":\"PropertyValueSpecification\",\"valueRequired\":true,\"valueName\":\"search_term_string\"}}],\"inLanguage\":\"fr-FR\"}]}<\/script>\n<!-- \/ Yoast SEO plugin. -->","yoast_head_json":{"title":"VIE CULTURELLE - D\u00e9l\u00e9gation Hauts-de-France","robots":{"index":"index","follow":"follow","max-snippet":"max-snippet:-1","max-image-preview":"max-image-preview:large","max-video-preview":"max-video-preview:-1"},"canonical":"https:\/\/encouragement-public.org\/delegation-hauts-de-france\/vie-culturelle\/","og_locale":"fr_FR","og_type":"article","og_title":"VIE CULTURELLE - D\u00e9l\u00e9gation Hauts-de-France","og_description":"[vc_row parallax=&#8221;enable_parallax&#8221; bg_position=&#8221;custom&#8221; parallax_content=&#8221;parallax_content_value&#8221; responsive_css=&#8221;padding_bottom_medium:180px&#8221; css=&#8221;.vc_custom_1589331081471{padding-bottom: 10% !important;background: #c0300d url(https:\/\/encouragement-public.org\/delegation-hauts-de-france\/wp-content\/uploads\/sites\/27\/2020\/05\/fond-1.png?id=8593);}&#8221; bg_pos_h=&#8221;100%&#8221; bg_pos_v=&#8221;250px&#8221;][vc_column][\/vc_column][\/vc_row]","og_url":"https:\/\/encouragement-public.org\/delegation-hauts-de-france\/vie-culturelle\/","og_site_name":"D\u00e9l\u00e9gation Hauts-de-France","article_modified_time":"2020-07-25T17:50:09+00:00","twitter_card":"summary_large_image","twitter_misc":{"Dur\u00e9e de lecture estim\u00e9e":"1 minute"},"schema":{"@context":"https:\/\/schema.org","@graph":[{"@type":"WebPage","@id":"https:\/\/encouragement-public.org\/delegation-hauts-de-france\/vie-culturelle\/","url":"https:\/\/encouragement-public.org\/delegation-hauts-de-france\/vie-culturelle\/","name":"VIE CULTURELLE - D\u00e9l\u00e9gation Hauts-de-France","isPartOf":{"@id":"https:\/\/encouragement-public.org\/delegation-hauts-de-france\/#website"},"datePublished":"2020-02-07T12:53:00+00:00","dateModified":"2020-07-25T17:50:09+00:00","breadcrumb":{"@id":"https:\/\/encouragement-public.org\/delegation-hauts-de-france\/vie-culturelle\/#breadcrumb"},"inLanguage":"fr-FR","potentialAction":[{"@type":"ReadAction","target":["https:\/\/encouragement-public.org\/delegation-hauts-de-france\/vie-culturelle\/"]}]},{"@type":"BreadcrumbList","@id":"https:\/\/encouragement-public.org\/delegation-hauts-de-france\/vie-culturelle\/#breadcrumb","itemListElement":[{"@type":"ListItem","position":1,"name":"Accueil","item":"https:\/\/encouragement-public.org\/delegation-hauts-de-france\/"},{"@type":"ListItem","position":2,"name":"VIE CULTURELLE"}]},{"@type":"WebSite","@id":"https:\/\/encouragement-public.org\/delegation-hauts-de-france\/#website","url":"https:\/\/encouragement-public.org\/delegation-hauts-de-france\/","name":"D\u00e9l\u00e9gation Hauts-de-France","description":"Savoir r\u00e9compenser le m\u00e9rite","potentialAction":[{"@type":"SearchAction","target":{"@type":"EntryPoint","urlTemplate":"https:\/\/encouragement-public.org\/delegation-hauts-de-france\/?s={search_term_string}"},"query-input":{"@type":"PropertyValueSpecification","valueRequired":true,"valueName":"search_term_string"}}],"inLanguage":"fr-FR"}]}},"_links":{"self":[{"href":"https:\/\/encouragement-public.org\/delegation-hauts-de-france\/wp-json\/wp\/v2\/pages\/7529","targetHints":{"allow":["GET"]}}],"collection":[{"href":"https:\/\/encouragement-public.org\/delegation-hauts-de-france\/wp-json\/wp\/v2\/pages"}],"about":[{"href":"https:\/\/encouragement-public.org\/delegation-hauts-de-france\/wp-json\/wp\/v2\/types\/page"}],"author":[{"embeddable":true,"href":"https:\/\/encouragement-public.org\/delegation-hauts-de-france\/wp-json\/wp\/v2\/users\/1"}],"replies":[{"embeddable":true,"href":"https:\/\/encouragement-public.org\/delegation-hauts-de-france\/wp-json\/wp\/v2\/comments?post=7529"}],"version-history":[{"count":2,"href":"https:\/\/encouragement-public.org\/delegation-hauts-de-france\/wp-json\/wp\/v2\/pages\/7529\/revisions"}],"predecessor-version":[{"id":9337,"href":"https:\/\/encouragement-public.org\/delegation-hauts-de-france\/wp-json\/wp\/v2\/pages\/7529\/revisions\/9337"}],"wp:attachment":[{"href":"https:\/\/encouragement-public.org\/delegation-hauts-de-france\/wp-json\/wp\/v2\/media?parent=7529"}],"curies":[{"name":"wp","href":"https:\/\/api.w.org\/{rel}","templated":true}]}}

<div class="wpb-content-wrapper"><p>[vc_row parallax=&#8221;enable_parallax&#8221; bg_position=&#8221;custom&#8221; parallax_content=&#8221;parallax_content_value&#8221; responsive_css=&#8221;padding_bottom_medium:180px&#8221; css=&#8221;.vc_custom_1589331081471{padding-bottom: 10% !important;background: #c0300d url(https://encouragement-public.org/delegation-hauts-de-france/wp-content/uploads/sites/27/2020/05/fond-1.png?id=8593);}&#8221; bg_pos_h=&#8221;100%&#8221; bg_pos_v=&#8221;250px&#8221;][vc_column]<style>.ld_spacer_69f2c371a1d30{height:64px;}</style>
<div class="ld-empty-space ld_spacer_69f2c371a1d30"><span class="liquid_empty_space_inner"></span></div><style>.ld_blog_69f2c371a1e50 .liquid-blog-grid{margin-left:-15px;margin-right:-15px;}.ld_blog_69f2c371a1e50 .liquid-blog-grid > div{padding-left:15px;padding-right:15px;}.ld_blog_69f2c371a1e50 .liquid-blog-grid .liquid-lp{margin-bottom:30px;}.ld_blog_69f2c371a1e50 .filter-list{margin-bottom:px;}.ld_blog_69f2c371a1e50 .liquid-blog-item .liquid-lp-title,.ld_blog_69f2c371a1e50 .liquid-lp .liquid-lp-title{margin-top:px;margin-bottom:px;}</style><div data-filter-id="lqd-1575365714611-3a042cbf-71fd" class="liquid-blog-posts ld_blog_69f2c371a1e50 1575365714611-dfca2339-0b02 " data-post-per-page="">
<div class="row">
	<div class="col-md-12">					
		<div class="liquid-filter-items align-items-center ">	
			<div class="liquid-filter-items">
				
				
				<ul class="filter-list filter-list-inline filter-list-scheme-light    " id="lqd-1575365714611-3a042cbf-71fd">
					<li class="active" data-filter="*" data-filter-term-id=""><span>TOUTES</span></li>
					<li data-filter=".association" data-filter-term-id="240"><span>ASSOCIATION</span></li><li data-filter=".ceremonies-vie-culturelle" data-filter-term-id="241"><span>CÉRÉMONIE</span></li><li data-filter=".expositions-vie-culturelle" data-filter-term-id="262"><span>EXPOSITIONS</span></li><li data-filter=".forum-vie-culturelle" data-filter-term-id="263"><span>FORUM</span></li><li data-filter=".histoire" data-filter-term-id="264"><span>HISTOIRE</span></li><li data-filter=".soirees-conferences" data-filter-term-id="279"><span>SOIRÉES &amp; CONFÉRENCES</span></li>				</ul>
					
									
					
			</div><!-- /.liquid-filter-items-inner -->
		</div><!-- /.liquid-filter-items -->
	</div><!-- /.col-md-12 -->
</div><!-- /.row --><div class="liquid-blog-grid liquid-blog-style-split row" data-liquid-masonry="true" data-masonry-options='{ "stagger": 50, "hiddenStyle": { "transform": "translateY(100px)", "opacity": 0 }, "visibleStyle": { "transform": "translateY(0)", "opacity": 1 }, "filtersID": "#lqd-1575365714611-3a042cbf-71fd" }'></div><!--/ .row --></div><!--/ .liquid-blog-posts -->[/vc_column][/vc_row]</p>
</div>

<!-- This site is optimized with the Yoast SEO plugin v27.5 - https://yoast.com/product/yoast-seo-wordpress/ -->
<title>VIE CULTURELLE - Délégation Hauts-de-France</title>
<meta name="robots" content="index, follow, max-snippet:-1, max-image-preview:large, max-video-preview:-1" />
<link rel="canonical" href="https://encouragement-public.org/delegation-hauts-de-france/vie-culturelle/" />
<meta property="og:locale" content="fr_FR" />
<meta property="og:type" content="article" />
<meta property="og:title" content="VIE CULTURELLE - Délégation Hauts-de-France" />
<meta property="og:description" content="[vc_row parallax=&#8221;enable_parallax&#8221; bg_position=&#8221;custom&#8221; parallax_content=&#8221;parallax_content_value&#8221; responsive_css=&#8221;padding_bottom_medium:180px&#8221; css=&#8221;.vc_custom_1589331081471{padding-bottom: 10% !important;background: #c0300d url(https://encouragement-public.org/delegation-hauts-de-france/wp-content/uploads/sites/27/2020/05/fond-1.png?id=8593);}&#8221; bg_pos_h=&#8221;100%&#8221; bg_pos_v=&#8221;250px&#8221;][vc_column][/vc_column][/vc_row]" />
<meta property="og:url" content="https://encouragement-public.org/delegation-hauts-de-france/vie-culturelle/" />
<meta property="og:site_name" content="Délégation Hauts-de-France" />
<meta property="article:modified_time" content="2020-07-25T17:50:09+00:00" />
<meta name="twitter:card" content="summary_large_image" />
<meta name="twitter:label1" content="Durée de lecture estimée" />
	<meta name="twitter:data1" content="1 minute" />
<script type="application/ld+json" class="yoast-schema-graph">{"@context":"https:\/\/schema.org","@graph":[{"@type":"WebPage","@id":"https:\/\/encouragement-public.org\/delegation-hauts-de-france\/vie-culturelle\/","url":"https:\/\/encouragement-public.org\/delegation-hauts-de-france\/vie-culturelle\/","name":"VIE CULTURELLE - Délégation Hauts-de-France","isPartOf":{"@id":"https:\/\/encouragement-public.org\/delegation-hauts-de-france\/#website"},"datePublished":"2020-02-07T12:53:00+00:00","dateModified":"2020-07-25T17:50:09+00:00","breadcrumb":{"@id":"https:\/\/encouragement-public.org\/delegation-hauts-de-france\/vie-culturelle\/#breadcrumb"},"inLanguage":"fr-FR","potentialAction":[{"@type":"ReadAction","target":["https:\/\/encouragement-public.org\/delegation-hauts-de-france\/vie-culturelle\/"]}]},{"@type":"BreadcrumbList","@id":"https:\/\/encouragement-public.org\/delegation-hauts-de-france\/vie-culturelle\/#breadcrumb","itemListElement":[{"@type":"ListItem","position":1,"name":"Accueil","item":"https:\/\/encouragement-public.org\/delegation-hauts-de-france\/"},{"@type":"ListItem","position":2,"name":"VIE CULTURELLE"}]},{"@type":"WebSite","@id":"https:\/\/encouragement-public.org\/delegation-hauts-de-france\/#website","url":"https:\/\/encouragement-public.org\/delegation-hauts-de-france\/","name":"Délégation Hauts-de-France","description":"Savoir récompenser le mérite","potentialAction":[{"@type":"SearchAction","target":{"@type":"EntryPoint","urlTemplate":"https:\/\/encouragement-public.org\/delegation-hauts-de-france\/?s={search_term_string}"},"query-input":{"@type":"PropertyValueSpecification","valueRequired":true,"valueName":"search_term_string"}}],"inLanguage":"fr-FR"}]}</script>
<!-- / Yoast SEO plugin. -->

VIE CULTURELLE - Délégation Hauts-de-France

Délégation Hauts-de-France

Savoir récompenser le mérite
